{"id":124,"date":"2025-11-21T19:24:55","date_gmt":"2025-11-21T19:24:55","guid":{"rendered":"https:\/\/verde-schule.eu\/?page_id=124"},"modified":"2025-11-21T19:24:55","modified_gmt":"2025-11-21T19:24:55","slug":"impressum","status":"publish","type":"page","link":"https:\/\/verde-schule.eu\/?page_id=124","title":{"rendered":"Impressum"},"content":{"rendered":"\n<p><strong>Impressum &amp; Offenlegung gem. \u00a725 Mediengesetz<\/strong><br><\/p>\n\n\n\n<p><em>Medieninhaberin, Herausgeberin und Eigent\u00fcmerin sowie f\u00fcr den Inhalt verantwortlich:<\/em><\/p>\n\n\n\n<p>Verde &#8211; die Gr\u00fcne Sch\u00fcler:innenorganisation<\/p>\n\n\n\n<p>Operngasse 36\/40<\/p>\n\n\n\n<p>1040 Wien<\/p>\n\n\n\n<p><em>Disclaimer<\/em><\/p>\n\n\n\n<p>S\u00e4mtliche Informationen, Dokumente oder andere Angaben auf dieser Website unterliegen den nachfolgenden Bestimmungen. Bitte lesen Sie diese sorgf\u00e4ltig durch<\/p>\n\n\n\n<p><em>Garantie und Haftung<\/em><\/p>\n\n\n\n<p>Zweck dieser Website ist die Informationsvermittlung \u00fcber Verde &#8211; die Gr\u00fcne Sch\u00fcler:innenorganisation sowie ihrer Arbeit und Initiativen in der schulpolitischen Landschaft. Sie stellt kein Angebot im rechtlichen Sinn dar.<\/p>\n\n\n\n<p>Die Website wurde nach bestem Wissen erarbeitet, doch wird keine Garantie daf\u00fcr \u00fcbernommen, dass die vermittelten Informationen fehlerfrei und vollst\u00e4ndig sind.<\/p>\n\n\n\n<p>Die Betreiberin beh\u00e4lt sich das Recht vor, die Website jederzeit zu erg\u00e4nzen oder Informationen zu \u00e4ndern oder zu l\u00f6schen.<\/p>\n\n\n\n<p>Die Betreiberin haftet in keinem Fall f\u00fcr allf\u00e4lligen direkten oder indirekten Schaden und f\u00fcr den Folgeschaden, welcher als Folge des Gebrauchs von Informationen und Material aus dieser Website oder durch Zugriff \u00fcber Links auf andere Websiten entsteht.<\/p>\n\n\n\n<p>Die Betreiberin \u00fcbernimmt keine Garantie, dass Informationen, Software oder anderes Material welche \u00fcber seine Website zug\u00e4nglich sind, frei von Viren oder anderen sch\u00e4dlichen Komponenten sind.<\/p>\n","protected":false},"excerpt":{"rendered":"<p>Impressum &amp; Offenlegung gem. \u00a725 Mediengesetz Medieninhaberin, Herausgeberin und Eigent\u00fcmerin sowie f\u00fcr den Inhalt verantwortlich: Verde &#8211; die Gr\u00fcne Sch\u00fcler:innenorganisation Operngasse 36\/40 1040 Wien Disclaimer S\u00e4mtliche Informationen, Dokumente oder andere Angaben auf dieser Website unterliegen den nachfolgenden Bestimmungen. Bitte lesen Sie diese sorgf\u00e4ltig durch Garantie und Haftung Zweck dieser Website ist die Informationsvermittlung \u00fcber Verde [&hellip;]<\/p>\n","protected":false},"author":1,"featured_media":0,"parent":0,"menu_order":0,"comment_status":"closed","ping_status":"closed","template":"","meta":{"footnotes":""},"class_list":["post-124","page","type-page","status-publish","hentry"],"_links":{"self":[{"href":"https:\/\/verde-schule.eu\/index.php?rest_route=\/wp\/v2\/pages\/124","targetHints":{"allow":["GET"]}}],"collection":[{"href":"https:\/\/verde-schule.eu\/index.php?rest_route=\/wp\/v2\/pages"}],"about":[{"href":"https:\/\/verde-schule.eu\/index.php?rest_route=\/wp\/v2\/types\/page"}],"author":[{"embeddable":true,"href":"https:\/\/verde-schule.eu\/index.php?rest_route=\/wp\/v2\/users\/1"}],"replies":[{"embeddable":true,"href":"https:\/\/verde-schule.eu\/index.php?rest_route=%2Fwp%2Fv2%2Fcomments&post=124"}],"version-history":[{"count":1,"href":"https:\/\/verde-schule.eu\/index.php?rest_route=\/wp\/v2\/pages\/124\/revisions"}],"predecessor-version":[{"id":125,"href":"https:\/\/verde-schule.eu\/index.php?rest_route=\/wp\/v2\/pages\/124\/revisions\/125"}],"wp:attachment":[{"href":"https:\/\/verde-schule.eu\/index.php?rest_route=%2Fwp%2Fv2%2Fmedia&parent=124"}],"curies":[{"name":"wp","href":"https:\/\/api.w.org\/{rel}","templated":true}]}}